. What are the prime factors of x?
3, 29, 97
Suppose 13*m - 32 = 7. Let p(a) = a**3 - 9*a**2 + 10*a - 14. Let d be p(8). Suppose -8*v - 176 = -d*r - 4*v, -m*v = 3. What are the prime factors of r?
2, 43
Suppose 5*o + 17*d - 12*d - 178090 = 0, d + 9 = 0. List the prime factors of o.
23, 1549
Let u = -97 - -106. Suppose 4502 = u*c + 1082. List the prime factors of c.
2, 5, 19
Let y = -105 - -118. Suppose 3*p + 1 - y = 0, 5*s + 4*p = 6. What are the prime factors of (-6832)/(-208) + s/(-13)?
3, 11
Let u(d) = 9*d + 504. What are the prime factors of u(51)?
3, 107
Let k(s) = s**2 + s + 1. Let t be k(-4). Let m(l) = 3*l**2 + 5*l**2 - 4*l**2 - 3*l**2 + 32*l - 2*l**2 - 26. What are the prime factors of m(t)?
13, 17
Suppose 109*i = 94*i + 24735. List the prime factors of i.
17, 97
Let s = -4082 + 10211. What are the prime factors of s?
3, 227
Suppose 3*i - 4*d = 6*i - 4403, -i - 3*d + 1476 = 0. Suppose i = 14*v - 7219. List the prime factors of v.
2, 5, 31
Let c(a) = -a + 1. Let y(w) = 24*w - 12. Let s(j) = 15*c(j) + y(j). Let x be s(4). Let l = x - -39. List the prime factors of l.
2, 3, 13
Suppose -2*c - 3*f + 3557 = 0, 0 = 11*c - 16*c - 5*f + 8910. List the prime factors of c.
1789
Suppose -3*y + 2591 = -226*q + 230*q, y = 5. What are the prime factors of q?
2, 7, 23
What are the prime factors of ((-3 - 3) + 3)/((-14)/28)?
2, 3
Let a(l) = 8*l - 110. Let b be a(13). List the prime factors of 5*-1 - (5 + b + -1009).
3, 5, 67
Let g = -12 + 16. Suppose -g*t + 68 = 2*w, -w + 2*t + 8 = -6. Suppose -102 = -2*n - w. List the prime factors of n.
3, 13
Let c(a) = 1795*a + 2759. List the prime factors of c(10).
3, 13, 59
Suppose 6*q - 467 = -281. Suppose -15*a - 12624 = -q*a. What are the prime factors of a?
3, 263
Let h(v) = -7*v**2 - 2*v + 7. Let p(o) = -2*o**2 - 4*o. Let t be p(-3). Let x be h(t). Let s = x + 357. What are the prime factors of s?
2, 31
Let s(x) = 2*x + 122. Let k be s(14). List the prime factors of 1/(5/1578) - (-60)/k.
2, 79
Let f = -102 - -92. What are the prime factors of (-1862)/f - 8/(-10)?
11, 17
Let n(t) be the second derivative of -25*t**3/3 - 7*t**2/2 - 28*t. Let g be 2/(-3)*4/((-16)/(-6)). List the prime factors of n(g).
43
Suppose -5*b + 169 + 1370 = -c, -2*b + 610 = c. Let i = -193 + b. Suppose -2*t - r + i = 0, 5*t + 2*r - 296 = -9. What are the prime factors of t?
59
Suppose 0 = 5*w - 3*w - 3*q - 3942, w - 3*q - 1977 = 0. Let h = -1121 + w. List the prime factors of h.
2, 211
Let t(h) = 91*h**2 + 253*h + 9. List the prime factors of t(7).
17, 367
Let c(f) = -5*f + 15. Let d(k) = k + 1. Let q(i) = -13*i + 17. Let p(z) = 10*d(z) + 2*q(z). Let h(y) = -8*c(y) + 3*p(y). List the prime factors of h(-13).
2, 29
Let q be -2*(0 - 22/4). Let h(t) = 14*t + 26 + 30*t - 36*t. List the prime factors of h(q).
2, 3, 19
Let f(a) = 3*a - 520*a**2 + 7 + 252*a**2 + 272*a**2. Suppose 3*m = 5*n + 37, 3*n + 2*n + 9 = -4*m. What are the prime factors of f(n)?
2, 23
Let q(j) = -2*j**2 + 5*j**2 + 3 + 7*j - 9. Let k be q(-6). List the prime factors of k/(6/(-4)*-1).
2, 5
Suppose -53354 = -94*y + 80*y. List the prime factors of y.
37, 103
Let u = -47 - -49. Let k(d) = u*d - d + 5*d + 27. What are the prime factors of k(9)?
3
Let g = -4 - 42. Let t = 316 - g. What are the prime factors of t?
2, 181
Let h be (-6)/10 - (-11)/((-110)/(-816)). Let r = -185 + h. Let c = r - -139. List the prime factors of c.
5, 7
Let m = 903 + -127. Let x = m + -361. List the prime factors of x.
5, 83
Let x = 31627 - 16427. What are the prime factors of x?
2, 5, 19
Suppose 8543 = 2*j - 225. Suppose 5*k = j - 984. What are the prime factors of k?
2, 5, 17
Let m = -1 - -4. Suppose 0 = -2*i - m*i + 1840. Suppose -5*s + i = 98. List the prime factors of s.
2, 3
Suppose 3*l - 50 = 2*t - 49, -9 = l - 3*t. Let j be (2 - -487 - 2) + 1. Suppose j = l*o + 5*o. What are the prime factors of o?
61
Let u(t) = t**2 + 2*t - 3. Let q be u(-5). Suppose -k - q = -14. Suppose 0 = 5*w - 5*f - 1050, k*w - 13 - 407 = -2*f. What are the prime factors of w?
2, 3, 5, 7
Let q(y) = 5*y**3 + 23*y**3 - 7*y - 13*y**2 - 22*y**2 - 7*y**3 + 13. What are the prime factors of q(5)?
2, 3
Let r be 2/14 - (26/(-14) + 2). Suppose r*w - 1248 = -6*w. Suppose -w = 4*j - 676. List the prime factors of j.
3, 13
Let k(n) be the first derivative of -n**4/2 + 7*n**3/3 - 2*n**2 + n - 31. Let r be k(5). Let d = 20 - r. What are the prime factors of d?
2, 3, 19
Let b(m) = -m**3 + 9*m**2 + 6*m - 3. Suppose -4*i = -7*i + 30. Let c = 19 - i. List the prime factors of b(c).
3, 17
Let r be 2 - ((-4)/5 - 1344/20). Suppose -65*h + 30 = -r*h. List the prime factors of 116*1*h/(-6).
2, 29
Let o be 12/20 - (-4)/(-30)*-3. Let j be 3 + (-5)/5 + o*3. What are the prime factors of ((-2)/(-9) - 14/(-18)) + j?
2, 3
Let q = 46 - 23. Suppose -2*m - 5*g = q, -g - 3*g - 21 = -m. List the prime factors of (m - -3) + 236*4/8.
2, 61
Let t(n) be the first derivative of -2*n**2 + 368*n - 294. What are the prime factors of t(30)?
2, 31
Let g = -555 + 18038. What are the prime factors of g?
17483
Let h = 109401 + -60932. List the prime factors of h.
19, 2551
Let f(u) = -4*u + 11*u - 121 + 7*u + 129 + 57*u**2. List the prime factors of f(4).
2, 61
Let u(j) = j**3 - 9*j**2 - 27. Let r be u(11). Let d = r + 45. List the prime factors of d.
2, 5, 13
Let z(t) be the second derivative of -23*t**3/3 - 60*t**2 - 66*t. List the prime factors of z(-19).
2, 13, 29
Let i(r) = 45 - 9184*r**2 - 47*r**3 + 6*r + 2*r + 2*r + 9186*r**2. What are the prime factors of i(-3)?
2, 3, 7, 31
Suppose -101*g = -102*g + 25273. What are the prime factors of g?
127, 199
Let z(h) = 6*h - 17. Suppose -12*p = 2*p - 140. Let g be 85/p - ((-15)/(-6) + -2). List the prime factors of z(g).
31
Let a(x) = x**3 - x**2 - 4*x + 4. Let b be a(2). Let r be -9 - -12 - (b - -2). Let i(q) = 64*q**3 - q**2 + 2*q - 1. List the prime factors of i(r).
2
Suppose 19*y + 5092 = -9348. Let g = -233 - y. List the prime factors of g.
17, 31
Let m(l) = 3*l + 5 + 9*l + l - 4*l. List the prime factors of m(32).
293
Suppose -223*g = -434*g + 223*g - 103692. What are the prime factors of g?
8641
Let g(n) = -n**3 - 6*n**2 + 6*n + 9. Let x be g(-3). Let s be 1/(2*2/x). List the prime factors of (-2)/s - 0 - (-7012)/36.
3, 5, 13
Suppose -12*y + 20*y - 40 = 0. Suppose -4*t + 301 + 1858 = 3*i, 2*i - y*t = 1424. List the prime factors of i.
3, 239
Suppose -2*p + 12 = -j + 15, 5*p + 30 = -5*j. Let b(u) = -8*u. Let x be b(-1). List the prime factors of x/36 + p + 3520/36.
5, 19
Suppose -5*l = 4*r - 2244, 6*l = 2*l + 3*r + 1820. Let z be -1*1/(1/(-7)). Suppose 179 = -z*t + l. List the prime factors of t.
3, 13
Let d = 61 - 51. Suppose -4*v = 4*i - v - 1263, 2*v - d = 0. Suppose 3*j = -9*j + i. List the prime factors of j.
2, 13
Suppose -4*l = 4*g - 152, 0*l + 5*g + 116 = 4*l. Suppose -3*a - b + l = -52, a - 38 = 2*b. What are the prime factors of (108/30)/(-3*(-4)/a)?
3
Let s = 112 + -371. Let q = s - -1245. What are the prime factors of q?
2, 17, 29
Let p = -9945 - -23793. What are the prime factors of p?
2, 3, 577
Suppose 12*j + 209464 = 4*q, -53*q - 5*j = -49*q - 209464. What are the prime factors of q?
2, 26183
Let r = 2 + 175. Let b = r - -395. List the prime factors of b.
2, 11, 13
Suppose 665 = -3*t + 635. What are the prime factors of 12*t/(360/(-1557))?
3, 173
Suppose 433*f - 414*f = 95019. What are the prime factors of f?
3, 1667
What are the prime factors of 13/((-130)/(-70)) - (2 - 3)*13470?
13477
Let u(s) = -s**3 - 23*s**2 - 25*s - 32. Let o be u(-22). Let b(p) = 54*p - 307. List the prime factors of b(o).
11, 139
Suppose -18*s + 47*s = -20445. Let n = 253 - s. List the prime factors of n.
2, 479
Suppose 54*h - 48*h = -18. List the prime factors of 330 - ((h - 0) + 4)*3.
3, 109
Let f(z) be the second derivative of 5*z**3/3 - 4*z**2 - 38*z. Let h = -1 + 6. What are the prime factors of f(h)?
2, 3, 7
Let d be ((-106)/(-2))/(18 + -17). Let u = 59 - d. Suppose 3*k - u*k + 510 = 0. List the prime factors of k.
2, 5, 17
Let g(v) = v**2 + 254*v + 274*v - 548*v - 77. What are the prime factors of g(-19)?
2, 83
Let n(a) = 1549*a - 193. Let z be n(13). Suppose z = 5*m + 13*m. List the prime factors of m.
2, 277
What are the prime factors of 36499411/732 + 6/8 + 3/(-9)?
3, 11, 1511
Let w = 5560 - 690. List the prim